{"id":1811,"date":"2024-11-08T15:44:26","date_gmt":"2024-11-08T14:44:26","guid":{"rendered":"http:\/\/81.169.190.189:2083\/?page_id=1811"},"modified":"2024-11-08T15:51:08","modified_gmt":"2024-11-08T14:51:08","slug":"mentions-legales","status":"publish","type":"page","link":"https:\/\/www.aotai.fr\/index.php\/mentions-legales\/","title":{"rendered":"mentions legales"},"content":{"rendered":"\t\t<div data-elementor-type=\"wp-page\" data-elementor-id=\"1811\" class=\"elementor elementor-1811\" data-elementor-post-type=\"page\">\n\t\t\t\t<div class=\"elementor-element elementor-element-990c6e7 e-flex e-con-boxed e-con e-parent\" data-id=\"990c6e7\" data-element_type=\"container\">\n\t\t\t\t\t<div class=\"e-con-inner\">\n\t\t\t\t<div class=\"elementor-element elementor-element-75dee28 elementor-widget elementor-widget-heading\" data-id=\"75dee28\" data-element_type=\"widget\" data-widget_type=\"heading.default\">\n\t\t\t\t<div class=\"elementor-widget-container\">\n\t\t\t<h2 class=\"elementor-heading-title elementor-size-default\">Mentions L\u00e9gales<\/h2>\t\t<\/div>\n\t\t\t\t<\/div>\n\t\t\t\t\t<\/div>\n\t\t\t\t<\/div>\n\t\t<div class=\"elementor-element elementor-element-a609284 e-flex e-con-boxed e-con e-parent\" data-id=\"a609284\" data-element_type=\"container\">\n\t\t\t\t\t<div class=\"e-con-inner\">\n\t\t\t\t<div class=\"elementor-element elementor-element-6214f23 elementor-widget elementor-widget-text-editor\" data-id=\"6214f23\" data-element_type=\"widget\" data-widget_type=\"text-editor.default\">\n\t\t\t\t<div class=\"elementor-widget-container\">\n\t\t\t\t\t\t\t<p>En vigueur au 08\/11\/2024<\/p><p>Conform\u00e9ment aux dispositions des Articles 6-III et 19 de la Loi n\u00b02004-575 du 21 juin 2004 pour la Confiance dans l\u2019\u00e9conomie num\u00e9rique, dite L.C.E.N., il est port\u00e9 \u00e0 la connaissance des utilisateurs et visiteurs, ci-apr\u00e8s l\u2019\u00a0\u00abUtilisateur\u00bb, du site www.aotai.fr , ci-apr\u00e8s le \u00ab\u00a0Site\u00a0\u00bb, les pr\u00e9sentes mentions l\u00e9gales.<\/p><p>La connexion et la navigation sur le Site par l\u2019Utilisateur implique acceptation int\u00e9grale et sans r\u00e9serve des pr\u00e9sentes mentions l\u00e9gales.<\/p><p>Ces derni\u00e8res sont accessibles sur le Site \u00e0 la rubrique \u00ab Mentions l\u00e9gales \u00bb.<\/p><p>\u00a0<\/p><p><b>ARTICLE 1 \u2013 L\u2019EDITEUR<\/b><\/p><p>L\u2019\u00e9dition du Site est assur\u00e9e par AOTAI ELECTRIC FRANCE SAS au capital de 10000,00 euros, immatricul\u00e9e au Registre du Commerce et des Soci\u00e9t\u00e9s de 980 995 443 R.C.S. Evry dont le si\u00e8ge social est situ\u00e9 au 52 AVENUE DU 8 MAI 1945, 91100 CORBEIL-ESSONNES,<br \/>Num\u00e9ro de t\u00e9l\u00e9phone 0xxxxxxxxx,<br \/>Adresse e-mail : contact@aotai.fr.<br \/>N\u00b0 de TVA intracommunautaire : FR36980995443<br \/>Le Directeur de la publication est ZHAO YUHAO<br \/>ci-apr\u00e8s l&rsquo;\u00a0\u00abEditeur\u00bb.<\/p><p>\u00a0<\/p><p><b>ARTICLE 2 \u2013 L\u2019HEBERGEUR<\/b><\/p><p>L\u2019h\u00e9bergeur du Site est la soci\u00e9t\u00e9 IONOS, dont le si\u00e8ge social est situ\u00e9 au 7, place de la Gare &#8211; BP 70109, 57201 Sarreguemines Cedex, avec le num\u00e9ro de t\u00e9l\u00e9phone : 0185 851 065 adresse mail de contact<\/p><p>\u00a0<\/p><p><b>ARTICLE 3 \u2013 ACCES AU SITE<\/b><\/p><p>Le Site est accessible en tout endroit, 7j\/7, 24h\/24 sauf cas de force majeure, interruption programm\u00e9e ou non et pouvant d\u00e9coulant d\u2019une n\u00e9cessit\u00e9 de maintenance.<\/p><p>En cas de modification, interruption ou suspension du Site, l\u2019Editeur ne saurait \u00eatre tenu responsable.<\/p><p>\u00a0<\/p><p><b>ARTICLE 4 \u2013 COLLECTE DES DONNEES<\/b><\/p><p>Le Site assure \u00e0 l\u2019Utilisateur une collecte et un traitement d\u2019informations personnelles dans le respect de la vie priv\u00e9e conform\u00e9ment \u00e0 la loi n\u00b078-17 du 6 janvier 1978 relative \u00e0 l\u2019informatique, aux fichiers et aux libert\u00e9s.<\/p><p>En vertu de la loi Informatique et Libert\u00e9s, en date du 6 janvier 1978, l\u2019Utilisateur dispose d\u2019un droit d\u2019acc\u00e8s, de rectification, de suppression et d\u2019opposition de ses donn\u00e9es personnelles. L\u2019Utilisateur exerce ce droit :<br \/>\u00b7 par mail \u00e0 l\u2019adresse email contact@ aotai.fr<\/p><p>\u00a0<\/p><p>Toute utilisation, reproduction, diffusion, commercialisation, modification de toute ou partie du Site, sans autorisation de l\u2019Editeur est prohib\u00e9e et pourra entra\u00een\u00e9e des actions et poursuites judiciaires telles que notamment pr\u00e9vues par le Code de la propri\u00e9t\u00e9 intellectuelle et le Code civil.<\/p>\t\t\t\t\t\t<\/div>\n\t\t\t\t<\/div>\n\t\t\t\t\t<\/div>\n\t\t\t\t<\/div>\n\t\t\t\t<\/div>\n\t\t","protected":false},"excerpt":{"rendered":"<p>Mentions L\u00e9gales En vigueur au 08\/11\/2024 Conform\u00e9ment aux dispositions des Articles 6-III et 19 de la Loi n\u00b02004-575 du 21 juin 2004 pour la Confiance&#8230;<\/p>\n","protected":false},"author":1,"featured_media":1690,"parent":0,"menu_order":0,"comment_status":"closed","ping_status":"closed","template":"","meta":{"footnotes":""},"class_list":["post-1811","page","type-page","status-publish","has-post-thumbnail","hentry"],"_links":{"self":[{"href":"https:\/\/www.aotai.fr\/index.php\/wp-json\/wp\/v2\/pages\/1811","targetHints":{"allow":["GET"]}}],"collection":[{"href":"https:\/\/www.aotai.fr\/index.php\/wp-json\/wp\/v2\/pages"}],"about":[{"href":"https:\/\/www.aotai.fr\/index.php\/wp-json\/wp\/v2\/types\/page"}],"author":[{"embeddable":true,"href":"https:\/\/www.aotai.fr\/index.php\/wp-json\/wp\/v2\/users\/1"}],"replies":[{"embeddable":true,"href":"https:\/\/www.aotai.fr\/index.php\/wp-json\/wp\/v2\/comments?post=1811"}],"version-history":[{"count":4,"href":"https:\/\/www.aotai.fr\/index.php\/wp-json\/wp\/v2\/pages\/1811\/revisions"}],"predecessor-version":[{"id":1815,"href":"https:\/\/www.aotai.fr\/index.php\/wp-json\/wp\/v2\/pages\/1811\/revisions\/1815"}],"wp:featuredmedia":[{"embeddable":true,"href":"https:\/\/www.aotai.fr\/index.php\/wp-json\/wp\/v2\/media\/1690"}],"wp:attachment":[{"href":"https:\/\/www.aotai.fr\/index.php\/wp-json\/wp\/v2\/media?parent=1811"}],"curies":[{"name":"wp","href":"https:\/\/api.w.org\/{rel}","templated":true}]}}